*y**2 - 43*y - 293. What is the thousands digit of v(-11)?
9
Suppose 2*i - 1627 = 5*s, -i - 12 = 2*i. Let p = 268 - s. What is the units digit of p?
5
Let l be (0 - -5)*(-36)/90. Let k be (l/(-1))/(5 + -4). Suppose -2*v - t + 107 = 27, 5*v - 200 = k*t. What is the tens digit of v?
4
Let r = -69478 - -140703. What is the ten thousands digit of r?
7
Let s(b) = 9*b**2 + 3 - 6*b + b**2 + b**3 - 16*b**2 + 7*b**2. Let o be s(-3). What is the tens digit of 192 + -1 - 6/o?
8
Suppose 12*z - 42792 - 30912 = 0. What is the units digit of z?
2
Let b be 0 - (28 - (0 - -2)). Suppose -53 - 54 = -7*a + 19. Let r = a - b. What is the tens digit of r?
4
Suppose 0*u + 3*w - 7 = 2*u, -u + w = 6. Let o(p) = p**2 - 4*p + 22. Let h be o(u). Let b = -129 + h. What is the units digit of b?
8
Suppose -4*g + 2742 + 2284 = t, -3*t + 15046 = -4*g. Suppose 0 = -4*w - 1194 + t. What is the hundreds digit of w?
9
Suppose 0 = 6*m - 11*m + 2*p + 77252, -p - 77251 = -5*m. What is the units digit of m?
0
Suppose -217 + 873 = 4*v - 2*o, 0 = -2*v + 4*o + 334. Let l(w) = 2*w**2 - 7*w + 4. Let m be l(4). Suppose n - m = v. What is the tens digit of n?
7
Let k = 166 - 162. What is the tens digit of 341 - 1*(7 - k)?
3
Let n = 64 - 62. Suppose -3*g - n*b + 479 = 110, -2*g + 5*b = -246. Let j = -63 + g. What is the units digit of j?
0
Let b(a) = 140*a - 557. Let r be b(4). Let o be (-3)/6 - (-11)/2. Suppose -3*s + o*m = -342 + 141, -r*m - 268 = -4*s. What is the tens digit of s?
6
Let q = -196 - -196. Suppose q = 3*b + 3*d - 1752, -5*b + 2001 = 4*d - 915. What is the units digit of b?
0
Let v = 40 - 39. Let l be -2 - (0 - 13) - v. Suppose 12 = 5*w - j - 19, 2*j = -2*w + l. What is the units digit of w?
6
What is the units digit of (2 - -5451) + (8 - (-6 + 9))?
8
Let w = 312 + 234. Let c be ((-120)/(-14))/(12/w). Suppose 4*p - 69 = -y, 2*y = 7*y + 5*p - c. What is the tens digit of y?
8
What is the units digit of (107416/(-2552))/(2/(-22))?
3
Let l(v) = 6*v**2 + 10*v - 15. Suppose 2*d - 90 = t + 2*t, -2*d = -2*t - 90. Let z = -40 + d. What is the hundreds digit of l(z)?
1
Let o(q) = 11*q**3 + 11*q - 3 - 9*q**3 - 2 + 1 - 2*q**2. Suppose 3 = y - 1. What is the units digit of o(y)?
6
Let c = -31 + 36. Suppose -c*y + 629 = -1631. Suppose 5*x = x + y. What is the tens digit of x?
1
Suppose -w + 32 = 5*h, -w = 4*h - 11 - 15. What is the hundreds digit of 16/(-32)*h + 0 + 1046?
0
Suppose -5 = m - 2*o, -m + o = 4*m - 20. Suppose -m*q + 11 = 1. Suppose 0 = q*i - 5*i + 48. What is the units digit of i?
6
Suppose 2966666 = -295*y + 7903196. What is the units digit of y?
4
What is the thousands digit of 177064/10 - (122 - 118) - (-9)/15?
7
What is the tens digit of 118592/32 + (0 + -1 - 4)?
0
Suppose 16277 = 8*g + 6773. Let q = g - 510. What is the tens digit of q?
7
Suppose -114*y - 68376 = -121*y. What is the units digit of y?
8
Let n = 42928 + -17499. What is the thousands digit of n?
5
Let h be (-70)/((2/(-8))/((-36)/(-32))). Suppose 2*y - 11 = -5*b + h, -b + 76 = 4*y. Suppose 7*d + b = 11*d. What is the tens digit of d?
1
Suppose 0 = -154*z + 2091927 - 228994 + 3117119. What is the hundreds digit of z?
3
Let w = 543 - 561. Let g(o) = o**3 + 17*o**2 - 15*o + 107. What is the tens digit of g(w)?
5
Suppose 0*m = -2*m - 40. Suppose 9*q + 625 = 5*u + 12*q, 5*u - 4*q - 590 = 0. Let y = u + m. What is the units digit of y?
2
Suppose c = 6*c + 81235. What is the tens digit of (-7 - c/7)/2?
5
Let u be 18/(-12)*2 - -5. Suppose -5*v - 498 = -6*v - 2*k, u*k - 1992 = -4*v. What is the tens digit of v?
9
Suppose -46247 = -74*a + 59647. What is the tens digit of a?
3
Suppose 6 = -9*h + 33. Suppose 3*t + 5*o - 35 = 0, 2*t - h*o - 30 = -5*o. What is the units digit of t?
0
Suppose -2*l - 15 = 103. Let y = -54 - l. Let j = y - -34. What is the units digit of j?
9
Let i be (3 + -4)/1*0/(-2). Suppose 5*d - 2*u - 418 = i, 0*d - 5*u = -2*d + 163. Suppose w - 4*w + d = 5*t, -t + 20 = -w. What is the units digit of t?
8
Let i be 14 - 3 - -2 - 7. Suppose -i*t + n - 217 = -8*t, -t + 110 = -n. What is the hundreds digit of t?
1
Let d = 194 + -192. Suppose 7*u - 4*u - 3*k = 2178, 5*u - 3644 = -d*k. What is the units digit of u?
8
Let o(u) = 2231*u**2 + 14*u + 43. What is the tens digit of o(-2)?
3
Suppose 3*d = 5*d - 3*a + 7, 3*a + 1 = -2*d. Let q(c) = -3*c**3 - 4*c**2 - 5*c - 4. Let p be q(d). Let w = p - -92. What is the hundreds digit of w?
1
Let q(c) = 6*c**3 - 2*c**2 - 3*c + 423. Let i(x) = -14*x**3 + 4*x**2 + 8*x - 846. Let w(s) = 2*i(s) + 5*q(s). What is the hundreds digit of w(0)?
4
Suppose -10 = 5*m - 5*h, 6*m + 6 = 2*m + 2*h. What is the units digit of (-19 - -110)/(m/(-4))?
4
Let g be (-6 - 1)*33/(-77). Let b be g/4 + (-3621)/(-68). Let y = b - -6. What is the tens digit of y?
6
Suppose 0 = -2*u + 4*z + 14110, -522*u + 7037 = -521*u - 5*z. What is the thousands digit of u?
7
Let i(m) = 41*m**3 - 5*m**2 + 75*m - 16. What is the units digit of i(8)?
6
Let r be 1845/(-27) + 2/6. Let p be 21*5 - r/(-17). Let w = 220 - p. What is the hundreds digit of w?
1
Suppose w + 203 = -5*s, -w - w = 2*s + 78. Suppose u + j - 4*j = 1, 17 = -4*u + 5*j. Let y = u - s. What is the tens digit of y?
3
Let s be (270/21)/(6/(-42)). Let u be (-864)/s*(-50)/(-4). Suppose 3*o - u = -0*o. What is the tens digit of o?
4
Let w(u) = u**2 - 6*u + 2. Let a be w(6). Let v be (-1)/(-4)*0 + a + 2. Suppose -j + 169 = -v. What is the hundreds digit of j?
1
Suppose 4*j + 3*f - 2 = 0, -f - f - 4 = 0. Suppose 0 = -c + r + 283, j*r = -c - r + 267. What is the tens digit of c?
7
Let h be 5698/143 - (-4)/26. Suppose -14*j + 12*j = -h. Suppose 7*b = 3*b + j, 2*p - 5*b - 301 = 0. What is the tens digit of p?
6
Let n = -99 + 186. What is the hundreds digit of 4 - -3*(2 + n)?
2
Let o(m) = 4*m**2 - 133*m - 47. What is the hundreds digit of o(36)?
3
What is the ten thousands digit of (-1297179)/(-27) + -5 - (-32)/(-48)?
4
Let j(g) = 103*g - 34. Let s be j(3). Let r = 424 - s. What is the units digit of r?
9
Suppose -2*z = -2*i + 100, -z + 3 = -4*z. Suppose 8*w - i = 47. What is the tens digit of (79/3)/((32/w)/8)?
7
Suppose 110 = -4*f + 134. Let d(n) = -7*n - 32. Let k be d(f). Let w = k - -169. What is the units digit of w?
5
Let t = 27852 + -15833. What is the tens digit of t?
1
Let m be 2*2 - (-2 - -5 - 1). Let o be (2/(-6))/(m/(-24)). Suppose 0 = -o*x + 6*x - 200. What is the hundreds digit of x?
1
Let d be 300/80*(-4)/(-3). Suppose 18 = d*h - 2. Let v(c) = 16*c**2 - 7*c + 10. What is the tens digit of v(h)?
3
Let p(h) be the third derivative of -7/24*h**4 - 10/3*h**3 + 1/60*h**5 + 6*h**2 + 0 + h. What is the tens digit of p(13)?
5
Let q = -1321 + 1388. Let p = -39 + 22. Let t = q + p. What is the tens digit of t?
5
What is the tens digit of (-737653)/(-15) - 1854/(-13905)?
7
Let n = -570 + 1918. What is the units digit of n?
8
Suppose 0 = 156*t - 262*t + 2163142. What is the ten thousands digit of t?
2
Let y = 30 + -26. Let r(b) = -13*b**2 + 4*b + y - 11 + 2*b**3 + 9*b**2. What is the tens digit of r(4)?
7
Let u(v) = 20*v**3 + 9*v**2 + 12*v - 6. Let s be u(-4). Let a = 426 - s. What is the tens digit of a?
1
Let x = -726 + 1039. Let z = -743 - -1203. Let y = z - x. What is the units digit of y?
7
Let z = 2468 + -437. What is the thousands digit of z?
2
Suppose -2*y - 4*t = -1258, -2*y - t = -6*y + 2498. Let m = 906 - y. Suppose 19 + m = 4*b. What is the units digit of b?
5
Let l be 14/(-4 - -3) + 2. Let k be -173*(6/l)/(2/4). Suppose 91 + k = 4*g. What is the tens digit of g?
6
Let u(t) = 4*t**2 + 14*t + 11. Let a be u(-3). Suppose 0 = -4*p - 4*d + 488, 618 = 5*p - a*d + 6*d. What is the hundreds digit of p?
1
Suppose -9772 = -12*n + 8*n - 4*b, -4882 = -2*n - 4*b. What is the tens digit of n?
4
Let z(n) = -n**3 - 13*n**2 + 14*n + 6. Let x be z(-14). What is the hundreds digit of (-2 + (753/x - -1))*4?
4
Suppose 3*y - 75 = -5*q, 0*y + 5*q + 165 = 5*y. Suppose y*t = 29*t + 5. Let o(c) = 19*c + 11. What is the tens digit of o(t)?
0
Suppose -5*a = k - 85544, k + 4*a - 137119 + 51567 = 0. What is the units digit of k?
4
Let i be (4 + (-77)/14)*(-16)/6. Suppose i*b - 206 = -2*u, -4*b = -0*u + 4*u - 432. What is the tens digit of u?
1
Suppose -8 = -4*n - 0*n. Let p be 3950/10*n/5. Suppose -2*s + f + 117 = -0*s, -2*f + p = 3*s. What is the units digit of s?
